{"id":3259,"date":"2025-03-31T07:40:56","date_gmt":"2025-03-31T07:40:56","guid":{"rendered":"https:\/\/uszatek.waw.pl\/?page_id=3259"},"modified":"2026-03-19T07:47:51","modified_gmt":"2026-03-19T07:47:51","slug":"harmonogram-zapisow","status":"publish","type":"page","link":"https:\/\/uszatek.waw.pl\/?page_id=3259","title":{"rendered":"Harmonogram"},"content":{"rendered":"<p><span style=\"color: #ff0000;\"><strong>Od 18 marca, od godz. 12.00 do 3 kwietnia, do godz. 20.00<\/strong><\/span><\/p>\n<p>Zapisy na Dy\u017cur wakacyjny 2025 odbywaj\u0105 si\u0119 przez system rekrutacyjny <a href=\"https:\/\/rekrutacje-warszawa.pzo.edu.pl\/vacatio-public\/\">https:\/\/rekrutacje-warszawa.pzo.edu.pl\/vacatio-public\/<\/a><\/p>\n<p>Rodzice wype\u0142niaj\u0105 i zapisuj\u0105 w systemie wniosek o przyj\u0119cie dziecka na dy\u017cur wakacyjny:<\/p>\n<ul>\n<li>dzieci, kt\u00f3re uczestnicz\u0105 w rekrutacji do przedszkoli, oddzia\u0142\u00f3w przedszkolnych lub klas pierwszych w szko\u0142ach podstawowych &nbsp;korzystaj\u0105 z utworzonego przez rodzic\u00f3w has\u0142a do systemu rekrutacyjnego;<\/li>\n<li>dzieci, kt\u00f3re nie bior\u0105 udzia\u0142u w rekrutacji, korzystaj\u0105 z zak\u0142adki &#8222;Zarejestruj si\u0119&#8221;.<\/li>\n<\/ul>\n<p><strong>[!]<\/strong> Wniosek podpisany profilem zaufanym\/e-dowodem\/podpisem kwalifikowanym rodzice przekazuj\u0105 za po\u015brednictwem elektronicznego systemu zapis\u00f3w.<\/p>\n<p><strong>[!]<\/strong> Wniosek, kt\u00f3ry nie zosta\u0142 podpisany podpisem elektronicznym, rodzice sk\u0142adaj\u0105 w przedszkolu<br \/>\nlub szkole wskazanej na pierwszej pozycji w pierwszym z wybranych turnus\u00f3w tzw. dy\u017curuj\u0105cym przedszkolu lub szkole pierwszego wyboru.<\/p>\n<p><strong>Od 18 marca, od godz. 12.00 do 8 kwietnia, do godz. 16.00<\/strong><\/p>\n<p>Rodzice, kt\u00f3rzy nie przes\u0142ali w systemie wniosku podpisanego elektronicznie, sk\u0142adaj\u0105 papierow\u0105 wersj\u0119 wniosku w dy\u017curuj\u0105cym przedszkolu lub szkole pierwszego wyboru.<\/p>\n<p><strong>24 kwietnia od godz. 13.00<\/strong><\/p>\n<p>Rodzice otrzymaj\u0105 informacj\u0119 o zakwalifikowaniu dziecka na dy\u017cur wakacyjny.<\/p>\n<p><strong>[!] <\/strong>Informacja o zakwalifikowaniu b\u0119dzie dost\u0119pna w elektronicznym systemie zapis\u00f3w oraz<\/p>\n<p>&nbsp;w przedszkolu lub szkole, do kt\u00f3rej &nbsp;dziecko zosta\u0142o zakwalifikowane. Informacja zostanie r\u00f3wnie\u017c przes\u0142ana rodzicom na adres e-mail.<\/p>\n<p><strong>Od 24 kwietnia do 8 maja<\/strong><\/p>\n<p>Rodzice potwierdzaj\u0105 wol\u0119 korzystania z miejsca w przedszkolu lub oddziale przedszkolnym w szkole podstawowej, do kt\u00f3rej zosta\u0142o zakwalifikowane.<\/p>\n<p>Potwierdzeniem zapisu dziecka na dy\u017cur jest wniesienie op\u0142aty za \u017cywienie w okresie dy\u017curu<br \/>\n(w terminie 14 dni od dnia opublikowania list dzieci zakwalifikowanych na dy\u017cur wakacyjny).<\/p>\n<p><strong>14 maja, od godz. 13.00<\/strong><\/p>\n<p>Rodzice otrzymaj\u0105 informacj\u0119 o przyj\u0119ciu dziecka na dy\u017cur wakacyjny.<\/p>\n<p><strong>[!]<\/strong> Informacja o przyj\u0119ciu dziecka b\u0119dzie dost\u0119pna w elektronicznym systemie zapis\u00f3w oraz<\/p>\n<p>&nbsp;w przedszkolu lub szkole, do kt\u00f3rej dziecko zosta\u0142o zakwalifikowane.<\/p>\n<p><strong>Zapisy na wolne miejsca<\/strong><\/p>\n<p><strong>15 maja, od godz. 12.00<\/strong><\/p>\n<p>Publikacja w systemie rekrutacyjnym&nbsp;wykazu wolnych miejsc.<\/p>\n<p><strong>Od 15 maja, od godz. 13.00 do 22 maja, do godz. 16.00<\/strong><\/p>\n<p>Rejestracja w SYSTEMIE &#8211; rodzice wype\u0142niaj\u0105 elektroniczny wniosek o przyj\u0119cie &#8211; zapisu mo\u017cna dokona\u0107 tylko na te turnusy, na kt\u00f3re dziecko nigdzie si\u0119 nie dosta\u0142o<\/p>\n<p><strong>Od 15 maja, od godz. 13.00 do 25 maja, do godz. 16.00<\/strong><\/p>\n<p>Rodzice, kt\u00f3rzy nie przes\u0142ali w systemie wniosku podpisanego elektronicznie, sk\u0142adaj\u0105 papierow\u0105 wersj\u0119 wniosku w dy\u017curuj\u0105cym przedszkolu lub szkole pierwszego wyboru<\/p>\n<p><strong>Od 5 czerwca&nbsp;do&nbsp;6 czerwca<\/strong><\/p>\n<p>Dyrektor przedszkola lub szko\u0142y rozpatruje wnioski o przyj\u0119cie na dy\u017cur wakacyjny.<\/p>\n<p><strong>3 czerwca, do godz. 13.00<\/strong><\/p>\n<p>Rodzice otrzymaj\u0105 informacj\u0119 o zakwalifikowaniu dziecka na dy\u017cur wakacyjny.<\/p>\n<p>Informacja o zakwalifikowaniu dziecka na wolne miejsce b\u0119dzie dost\u0119pna w elektronicznym systemie zapis\u00f3w oraz w przedszkolu lub szkole, do kt\u00f3rej dziecko zosta\u0142o zakwalifikowane.<\/p>\n<p><strong>[!] <\/strong>Rodzice potwierdzaj\u0105 wol\u0119 korzystania z miejsca w przedszkolu lub oddzia\u0142u przedszkolnego w szkole podstawowej, do kt\u00f3rej zosta\u0142o zakwalifikowane.<span style=\"color: #ff0000;\"> Potwierdzeniem zapisu dziecka na dy\u017cur jest wniesienie op\u0142aty za \u017cywienie w okresie dy\u017curu<\/span>.<\/p>\n<p><strong>Od 3 czerwca do 10 czerwca<\/strong><\/p>\n<p>Rodzice potwierdzaj\u0105 wol\u0119 korzystania z miejsca w przedszkolu lub oddziale przedszkolnym w szkole podstawowej, do kt\u00f3rej zosta\u0142o zakwalifikowane.<\/p>\n<p class=\"text-left text-left Tretabeli\">Potwierdzeniem zapisu dziecka na dy\u017cur jest wniesienie op\u0142aty za \u017cywienie w okresie dy\u017curu.<\/p>\n<p><strong>15 czerwca, godz. 13.00<\/strong><\/p>\n<p>Rodzice otrzymaj\u0105 informacj\u0119 o przyj\u0119ciu dziecka na dy\u017cur wakacyjny.<\/p>\n<p><strong>[!] <\/strong>Informacja o przyj\u0119ciu dziecka b\u0119dzie dost\u0119pna w elektronicznym systemie zapis\u00f3w oraz w przedszkolu lub szkole, do kt\u00f3rej dziecko zosta\u0142o zakwalifikowane.<\/p>\n<p><strong>17 czerwca, godz. 14.00<\/strong><\/p>\n<p>Aktualizacja wykazu wolnych miejsc na stronie elektronicznego systemu zapis\u00f3w.<\/p>\n<p>Rodzice mog\u0105 bezpo\u015brednio zg\u0142osi\u0107 si\u0119 do dy\u017curuj\u0105cej plac\u00f3wki, kt\u00f3ra dysponuje wolnymi miejscami.<\/p>\n","protected":false},"excerpt":{"rendered":"<p>Od 18 marca, od godz. 12.00 do 3 kwietnia, do godz. 20.00 Zapisy na Dy\u017cur wakacyjny 2025 odbywaj\u0105 si\u0119 przez system rekrutacyjny https:\/\/rekrutacje-warszawa.pzo.edu.pl\/vacatio-public\/ Rodzice wype\u0142niaj\u0105 i zapisuj\u0105 w systemie wniosek o przyj\u0119cie dziecka na dy\u017cur wakacyjny: dzieci, kt\u00f3re uczestnicz\u0105 w rekrutacji do przedszkoli, oddzia\u0142\u00f3w przedszkolnych lub klas pierwszych w szko\u0142ach [&hellip;]<\/p>\n","protected":false},"author":1,"featured_media":0,"parent":0,"menu_order":0,"comment_status":"closed","ping_status":"closed","template":"","meta":{"ngg_post_thumbnail":0,"footnotes":""},"class_list":["post-3259","page","type-page","status-publish","hentry"],"_links":{"self":[{"href":"https:\/\/uszatek.waw.pl\/index.php?rest_route=\/wp\/v2\/pages\/3259","targetHints":{"allow":["GET"]}}],"collection":[{"href":"https:\/\/uszatek.waw.pl\/index.php?rest_route=\/wp\/v2\/pages"}],"about":[{"href":"https:\/\/uszatek.waw.pl\/index.php?rest_route=\/wp\/v2\/types\/page"}],"author":[{"embeddable":true,"href":"https:\/\/uszatek.waw.pl\/index.php?rest_route=\/wp\/v2\/users\/1"}],"replies":[{"embeddable":true,"href":"https:\/\/uszatek.waw.pl\/index.php?rest_route=%2Fwp%2Fv2%2Fcomments&post=3259"}],"version-history":[{"count":4,"href":"https:\/\/uszatek.waw.pl\/index.php?rest_route=\/wp\/v2\/pages\/3259\/revisions"}],"predecessor-version":[{"id":3614,"href":"https:\/\/uszatek.waw.pl\/index.php?rest_route=\/wp\/v2\/pages\/3259\/revisions\/3614"}],"wp:attachment":[{"href":"https:\/\/uszatek.waw.pl\/index.php?rest_route=%2Fwp%2Fv2%2Fmedia&parent=3259"}],"curies":[{"name":"wp","href":"https:\/\/api.w.org\/{rel}","templated":true}]}}