{"id":3224,"date":"2025-03-10T10:01:28","date_gmt":"2025-03-10T10:01:28","guid":{"rendered":"https:\/\/uszatek.waw.pl\/?page_id=3224"},"modified":"2025-03-10T10:01:28","modified_gmt":"2025-03-10T10:01:28","slug":"nie-jestes-sam","status":"publish","type":"page","link":"https:\/\/uszatek.waw.pl\/?page_id=3224","title":{"rendered":"&#8222;Nie jeste\u015b sam&#8221;"},"content":{"rendered":"<p><span style=\"font-size: 13.5pt; font-family: 'Calibri',sans-serif;\">Projekt<span style=\"color: black;\"> \u201eNie jeste\u015b sam\u201d \u2013 pierwsza pomoc psychologiczna dla&nbsp;dzieci i&nbsp;m\u0142odzie\u017cy to inicjatywa finansowana z&nbsp;funduszy Urz\u0119du Miasta Sto\u0142ecznego Warszawy w ramach bud\u017cetu obywatelskiego. Projekt realizowany jest&nbsp; przez&nbsp;Centrum Wspierania Rodzin \u201eRodzinna Warszawa\u201d, przy Specjalistycznej Poradni Psychologicznej dla Dzieci i M\u0142odzie\u017cy ul. Dwernickiego 22. <\/span><\/span><\/p>\n<p><span style=\"font-size: 13.5pt; font-family: 'Calibri',sans-serif;\">Celem projektu jest wspieranie os\u00f3b w trudnych momentach \u017cycia, poprzez edukacj\u0119, wsparcie emocjonalne oraz informacje na temat dost\u0119pnych zasob\u00f3w i metod pomocy.<\/span><\/p>\n<p><span style=\"font-size: 13.5pt; font-family: 'Calibri',sans-serif;\">Podcasty poruszaj\u0105 istotne kwestie zwi\u0105zane z mentalnym dobrostanem dzieci i m\u0142odzie\u017cy, strategiami wsparcia emocjonalnego w \u015brodowisku szkolnym oraz rol\u0105 rodzic\u00f3w i nauczycieli w wychowywaniu i wspieraniu rozwoju dzieci. S\u0105 to materia\u0142y edukacyjne, kt\u00f3re mog\u0105 okaza\u0107 si\u0119 niezwykle cenne w codziennej pracy pedagogicznej oraz wychowawczej, jak r\u00f3wnie\u017c w rodzinnych rozmowach na tematy zwi\u0105zane z emocjami i trudno\u015bciami w funkcjonowaniu m\u0142odych os\u00f3b oraz ich najbli\u017cszego otoczenia.<\/span><\/p>\n<p>Cykl: dla rodzic\u00f3w:&nbsp;<a href=\"https:\/\/eur05.safelinks.protection.outlook.com\/?url=https%3A%2F%2Fyoutube.com%2Fplaylist%3Flist%3DPLqF37g8mTjspm8tN2Wl04wGPvqQh3tWc3%26si%3D0obBSofjd5o6NUal&amp;data=05%7C02%7C%7C7293530813dc452b5e0e08dd5c8eb11e%7C7fb57ac212674d8bbd838a898116c90c%7C0%7C0%7C638768490283007690%7CUnknown%7CTWFpbGZsb3d8eyJFbXB0eU1hcGkiOnRydWUsIlYiOiIwLjAuMDAwMCIsIlAiOiJXaW4zMiIsIkFOIjoiTWFpbCIsIldUIjoyfQ%3D%3D%7C0%7C%7C%7C&amp;sdata=dBU31uq5AAmmAkZ570EK4qrdqMG%2BLnFOIxalUzkMXmQ%3D&amp;reserved=0\">https:\/\/youtube.com\/playlist?list=PLqF37g8mTjspm8tN2Wl04wGPvqQh3tWc3&amp;si=0obBSofjd5o6NUal<\/a><\/p>\n<div id=\"attachment_3225\" class=\"wp-caption aligncenter\"><img fetchpriority=\"high\" decoding=\"async\" aria-describedby=\"caption-attachment-3225\" class=\" wp-image-3225\" title=\"podcasty dla RODZIC\u00d3W\" src=\"https:\/\/uszatek.waw.pl\/wp-content\/uploads\/2025\/03\/podcasty-dla-RODZICOW-240x300.jpg\" alt=\"podcasty dla RODZIC\u00d3W\" width=\"560\" height=\"700\" srcset=\"https:\/\/uszatek.waw.pl\/wp-content\/uploads\/2025\/03\/podcasty-dla-RODZICOW-240x300.jpg 240w, https:\/\/uszatek.waw.pl\/wp-content\/uploads\/2025\/03\/podcasty-dla-RODZICOW-819x1024.jpg 819w, https:\/\/uszatek.waw.pl\/wp-content\/uploads\/2025\/03\/podcasty-dla-RODZICOW-768x960.jpg 768w, https:\/\/uszatek.waw.pl\/wp-content\/uploads\/2025\/03\/podcasty-dla-RODZICOW-1229x1536.jpg 1229w, https:\/\/uszatek.waw.pl\/wp-content\/uploads\/2025\/03\/podcasty-dla-RODZICOW.jpg 1440w\" sizes=\"(max-width: 560px) 100vw, 560px\" \/><p id=\"caption-attachment-3225\" class=\"wp-caption-text\">podcasty dla RODZIC\u00d3W<\/p><\/div>\n","protected":false},"excerpt":{"rendered":"<p>Projekt \u201eNie jeste\u015b sam\u201d \u2013 pierwsza pomoc psychologiczna dla&nbsp;dzieci i&nbsp;m\u0142odzie\u017cy to inicjatywa finansowana z&nbsp;funduszy Urz\u0119du Miasta Sto\u0142ecznego Warszawy w ramach bud\u017cetu obywatelskiego. Projekt realizowany jest&nbsp; przez&nbsp;Centrum Wspierania Rodzin \u201eRodzinna Warszawa\u201d, przy Specjalistycznej Poradni Psychologicznej dla Dzieci i M\u0142odzie\u017cy ul. Dwernickiego 22. Celem projektu jest wspieranie os\u00f3b w trudnych momentach \u017cycia, [&hellip;]<\/p>\n","protected":false},"author":1,"featured_media":0,"parent":0,"menu_order":0,"comment_status":"closed","ping_status":"closed","template":"","meta":{"ngg_post_thumbnail":0,"footnotes":""},"class_list":["post-3224","page","type-page","status-publish","hentry"],"_links":{"self":[{"href":"https:\/\/uszatek.waw.pl\/index.php?rest_route=\/wp\/v2\/pages\/3224","targetHints":{"allow":["GET"]}}],"collection":[{"href":"https:\/\/uszatek.waw.pl\/index.php?rest_route=\/wp\/v2\/pages"}],"about":[{"href":"https:\/\/uszatek.waw.pl\/index.php?rest_route=\/wp\/v2\/types\/page"}],"author":[{"embeddable":true,"href":"https:\/\/uszatek.waw.pl\/index.php?rest_route=\/wp\/v2\/users\/1"}],"replies":[{"embeddable":true,"href":"https:\/\/uszatek.waw.pl\/index.php?rest_route=%2Fwp%2Fv2%2Fcomments&post=3224"}],"version-history":[{"count":1,"href":"https:\/\/uszatek.waw.pl\/index.php?rest_route=\/wp\/v2\/pages\/3224\/revisions"}],"predecessor-version":[{"id":3226,"href":"https:\/\/uszatek.waw.pl\/index.php?rest_route=\/wp\/v2\/pages\/3224\/revisions\/3226"}],"wp:attachment":[{"href":"https:\/\/uszatek.waw.pl\/index.php?rest_route=%2Fwp%2Fv2%2Fmedia&parent=3224"}],"curies":[{"name":"wp","href":"https:\/\/api.w.org\/{rel}","templated":true}]}}