{"id":2829,"date":"2024-03-06T10:15:08","date_gmt":"2024-03-06T10:15:08","guid":{"rendered":"https:\/\/uszatek.waw.pl\/?page_id=2829"},"modified":"2024-03-06T10:15:08","modified_gmt":"2024-03-06T10:15:08","slug":"kampania-blisko-telefonu-daleko-od-dziecka","status":"publish","type":"page","link":"https:\/\/uszatek.waw.pl\/?page_id=2829","title":{"rendered":"Kampania &#8222;Blisko telefonu &#8211; daleko od dziecka&#8221;&#8221;"},"content":{"rendered":"<p><span data-contrast=\"auto\">Kampania \u201eDomowe Zasady Ekranowe\u201d promuje zr\u00f3wnowa\u017cone korzystanie z urz\u0105dze\u0144 ekranowych, tak \u017ceby nie stanowi\u0142y one zagro\u017cenia dla relacji rodzinnych, rozwoju dzieci i zdrowia domownik\u00f3w. \u017beby wykorzystywane \u015bwiadomie i z umiarem by\u0142y pozytywnym dodatkiem do rodzinnego \u017cycia, a\u202fnie jego centralnym punktem.<\/span><span data-ccp-props=\"{}\">&nbsp;<\/span><\/p>\n<p><span data-contrast=\"auto\">Prowadz\u0105c kampani\u0119 w gronie specjalist\u00f3w Fundacji Dajemy Dzieciom Si\u0142\u0119 analizujemy dost\u0119pne badania, opracowania i rekomendacje, po\u015bwi\u0119cone higienie cyfrowej i problemowi nadu\u017cywania ekran\u00f3w przez dzieci i m\u0142odzie\u017c oraz rodzic\u00f3w i opiekun\u00f3w. Przy realizacji kampanii wsp\u00f3\u0142pracujemy z ekspertkami z zakresu rozwoju dzieci oraz problemu uzale\u017cnie\u0144, w\u015br\u00f3d nich: Natali\u0105 Fedan \u2013\u202fpsycholo\u017ck\u0105, trenerk\u0105 metody Self-Reg, Ma\u0142gorzat\u0105 Musia\u0142 \u2013\u202fpedago\u017ck\u0105 i autork\u0105 bloga Dobra Relacja, Katarzyn\u0105 Kalinowsk\u0105 \u2013\u202fpsycholo\u017ck\u0105, trenerk\u0105 Fundacji Family Lab Polska, a tak\u017ce Joann\u0105 Duli\u0144sk\u0105 \u2013\u202fpsychoterapeutk\u0105 i superwizork\u0105.<\/span><span data-ccp-props=\"{}\">&nbsp;<\/span><\/p>\n<p><span data-contrast=\"auto\">Kampania \u201eDomowe Zasady Ekranowe\u201d realizowana jest przez Fundacj\u0119 Dajemy Dzieciom Si\u0142\u0119 w\u202framach dzia\u0142a\u0144 Polskiego Centrum Programu Safer Internet.<\/span><\/p>\n<p><span data-contrast=\"auto\">Pierwsza ods\u0142ona kampanii (2021), realizowana pod has\u0142em \u201eNadmiar ekran\u00f3w szkodzi dziecku i\u202frodzinie\u201d, opiera\u0142a si\u0119 na serii trzech grafik autorstwa Paw\u0142a Kuczy\u0144skiego<\/span><\/p>\n<p><span data-contrast=\"auto\">G\u0142\u00f3wnym elementem drugiej ods\u0142ony kampanii (2022), realizowanej pod has\u0142em \u201eZadbaj o dzieci\u0119cy m\u00f3zg\u201d, by\u0142 spot reklamowy zrealizowany we wsp\u00f3\u0142pracy z agencj\u0105 BBDO.<\/span><span data-ccp-props=\"{}\">&nbsp;<\/span><\/p>\n<p><span data-contrast=\"auto\">Trzecia ods\u0142ona kampanii (2024), realizowana jest pod has\u0142em \u201eBlisko telefonu. Daleko od dziecka\u201d, przygotowana zosta\u0142a we wsp\u00f3\u0142pracy z domem produkcyjnym Spok\u00f3j i opiera si\u0119 na serii czterech zdj\u0119\u0107 autorstwa Jacka Ko\u0142odziejskiego.<\/span><\/p>\n<p><img fetchpriority=\"high\" decoding=\"async\" class=\"size-medium wp-image-2830 alignleft\" src=\"https:\/\/uszatek.waw.pl\/wp-content\/uploads\/2024\/03\/Blisko-telefonu-daleko-od-dziecka_2-300x300.jpg\" alt=\"\" width=\"300\" height=\"300\" srcset=\"https:\/\/uszatek.waw.pl\/wp-content\/uploads\/2024\/03\/Blisko-telefonu-daleko-od-dziecka_2-300x300.jpg 300w, https:\/\/uszatek.waw.pl\/wp-content\/uploads\/2024\/03\/Blisko-telefonu-daleko-od-dziecka_2-1024x1024.jpg 1024w, https:\/\/uszatek.waw.pl\/wp-content\/uploads\/2024\/03\/Blisko-telefonu-daleko-od-dziecka_2-150x150.jpg 150w, https:\/\/uszatek.waw.pl\/wp-content\/uploads\/2024\/03\/Blisko-telefonu-daleko-od-dziecka_2-768x768.jpg 768w, https:\/\/uszatek.waw.pl\/wp-content\/uploads\/2024\/03\/Blisko-telefonu-daleko-od-dziecka_2-1536x1536.jpg 1536w, https:\/\/uszatek.waw.pl\/wp-content\/uploads\/2024\/03\/Blisko-telefonu-daleko-od-dziecka_2-90x90.jpg 90w, https:\/\/uszatek.waw.pl\/wp-content\/uploads\/2024\/03\/Blisko-telefonu-daleko-od-dziecka_2-670x670.jpg 670w, https:\/\/uszatek.waw.pl\/wp-content\/uploads\/2024\/03\/Blisko-telefonu-daleko-od-dziecka_2.jpg 1920w\" sizes=\"(max-width: 300px) 100vw, 300px\" \/> <img decoding=\"async\" class=\"size-medium wp-image-2831 alignright\" src=\"https:\/\/uszatek.waw.pl\/wp-content\/uploads\/2024\/03\/Blisko-telefonu-daleko-od-dziecka_1-300x300.jpg\" alt=\"\" width=\"300\" height=\"300\" srcset=\"https:\/\/uszatek.waw.pl\/wp-content\/uploads\/2024\/03\/Blisko-telefonu-daleko-od-dziecka_1-300x300.jpg 300w, https:\/\/uszatek.waw.pl\/wp-content\/uploads\/2024\/03\/Blisko-telefonu-daleko-od-dziecka_1-1024x1024.jpg 1024w, https:\/\/uszatek.waw.pl\/wp-content\/uploads\/2024\/03\/Blisko-telefonu-daleko-od-dziecka_1-150x150.jpg 150w, https:\/\/uszatek.waw.pl\/wp-content\/uploads\/2024\/03\/Blisko-telefonu-daleko-od-dziecka_1-768x768.jpg 768w, https:\/\/uszatek.waw.pl\/wp-content\/uploads\/2024\/03\/Blisko-telefonu-daleko-od-dziecka_1-1536x1536.jpg 1536w, https:\/\/uszatek.waw.pl\/wp-content\/uploads\/2024\/03\/Blisko-telefonu-daleko-od-dziecka_1-90x90.jpg 90w, https:\/\/uszatek.waw.pl\/wp-content\/uploads\/2024\/03\/Blisko-telefonu-daleko-od-dziecka_1-670x670.jpg 670w, https:\/\/uszatek.waw.pl\/wp-content\/uploads\/2024\/03\/Blisko-telefonu-daleko-od-dziecka_1.jpg 1920w\" sizes=\"(max-width: 300px) 100vw, 300px\" \/><\/p>\n","protected":false},"excerpt":{"rendered":"<p>Kampania \u201eDomowe Zasady Ekranowe\u201d promuje zr\u00f3wnowa\u017cone korzystanie z urz\u0105dze\u0144 ekranowych, tak \u017ceby nie stanowi\u0142y one zagro\u017cenia dla relacji rodzinnych, rozwoju dzieci i zdrowia domownik\u00f3w. \u017beby wykorzystywane \u015bwiadomie i z umiarem by\u0142y pozytywnym dodatkiem do rodzinnego \u017cycia, a\u202fnie jego centralnym punktem.&nbsp; Prowadz\u0105c kampani\u0119 w gronie specjalist\u00f3w Fundacji Dajemy Dzieciom Si\u0142\u0119 analizujemy [&hellip;]<\/p>\n","protected":false},"author":1,"featured_media":0,"parent":0,"menu_order":0,"comment_status":"closed","ping_status":"closed","template":"","meta":{"ngg_post_thumbnail":0,"footnotes":""},"class_list":["post-2829","page","type-page","status-publish","hentry"],"_links":{"self":[{"href":"https:\/\/uszatek.waw.pl\/index.php?rest_route=\/wp\/v2\/pages\/2829","targetHints":{"allow":["GET"]}}],"collection":[{"href":"https:\/\/uszatek.waw.pl\/index.php?rest_route=\/wp\/v2\/pages"}],"about":[{"href":"https:\/\/uszatek.waw.pl\/index.php?rest_route=\/wp\/v2\/types\/page"}],"author":[{"embeddable":true,"href":"https:\/\/uszatek.waw.pl\/index.php?rest_route=\/wp\/v2\/users\/1"}],"replies":[{"embeddable":true,"href":"https:\/\/uszatek.waw.pl\/index.php?rest_route=%2Fwp%2Fv2%2Fcomments&post=2829"}],"version-history":[{"count":1,"href":"https:\/\/uszatek.waw.pl\/index.php?rest_route=\/wp\/v2\/pages\/2829\/revisions"}],"predecessor-version":[{"id":2832,"href":"https:\/\/uszatek.waw.pl\/index.php?rest_route=\/wp\/v2\/pages\/2829\/revisions\/2832"}],"wp:attachment":[{"href":"https:\/\/uszatek.waw.pl\/index.php?rest_route=%2Fwp%2Fv2%2Fmedia&parent=2829"}],"curies":[{"name":"wp","href":"https:\/\/api.w.org\/{rel}","templated":true}]}}